ands digit of 4410676?
0
What is the ten thousands digit of 46094985?
9
What is the ten millions digit of 349253381?
4
What is the ten millions digit of 1355324857?
5
What is the ten thousands digit of 37001089?
0
What is the ten thousands digit of 1310040491?
4
What is the hundred thousands digit of 234828508?
8
What is the ten millions digit of 467851475?
6
What is the ten millions digit of 26611083?
2
What is the tens digit of 60317014?
1
What is the ten millions digit of 991182383?
9
What is the hundreds digit of 847582971?
9
What is the hundred thousands digit of 115451863?
4
What is the ten millions digit of 23053927?
2
What is the hundreds digit of 564438731?
7
What is the ten millions digit of 1775755688?
7
What is the tens digit of 548412046?
4
What is the tens digit of 175670287?
8
What is the tens digit of 2463746454?
5
What is the hundreds digit of 1397272750?
7
What is the ten thousands digit of 24441526?
4
What is the millions digit of 320862340?
0
What is the ten thousands digit of 48773507?
7
What is the hundred millions digit of 168299671?
1
What is the hundred thousands digit of 27754784?
7
What is the hundred thousands digit of 31501474?
5
What is the hundreds digit of 275509585?
5
What is the billions digit of 4194561900?
4
What is the hundreds digit of 1198974586?
5
What is the hundred thousands digit of 2360668978?
6
What is the tens digit of 157248256?
5
What is the ten millions digit of 1798534786?
9
What is the ten thousands digit of 1702388468?
8
What is the units digit of 64742413?
3
What is the ten millions digit of 85500036?
8
What is the millions digit of 378903241?
8
What is the millions digit of 101550781?
1
What is the tens digit of 2470453970?
7
What is the thousands digit of 630579974?
9
What is the ten millions digit of 833512124?
3
What is the hundreds digit of 98153791?
7
What is the ten millions digit of 666243693?
6
What is the hundred thousands digit of 24238055?
2
What is the ten millions digit of 174620989?
7
What is the ten millions digit of 52650294?
5
What is the tens digit of 160563992?
9
What is the units digit of 62847630?
0
What is the ten thousands digit of 916891035?
9
What is the units digit of 30488171?
1
What is the ten millions digit of 2405641073?
0
What is the hundreds digit of 76169814?
8
What is the millions digit of 739276176?
9
What is the hundred thousands digit of 388475795?
4
What is the tens digit of 421258188?
8
What is the tens digit of 1097469766?
6
What is the thousands digit of 5511701174?
1
What is the millions digit of 693701767?
3
What is the millions digit of 9762715169?
2
What is the millions digit of 108871470?
8
What is the hundred millions digit of 1336651980?
3
What is the ten millions digit of 156730563?
5
What is the hundred thousands digit of 2891694967?
6
What is the ten millions digit of 130807429?
3
What is the ten millions digit of 438814040?
3
What is the tens digit of 557086219?
1
What is the ten thousands digit of 269256816?
5
What is the hundred thousands digit of 2943320790?
3
What is the hundred thousands digit of 3723550455?
5
What is the tens digit of 401160740?
4
What is the hundred thousands digit of 2752019966?
0
What is the hundred millions digit of 634000839?
6
What is the ten thousands digit of 75941147?
4
What is the ten millions digit of 72418471?
7
What is the units digit of 22547?
7
What is the thousands digit of 1509824?
9
What is the ten thousands digit of 1752727858?
2
What is the ten thousands digit of 48362300?
6
What is the ten millions digit of 4626430952?
2
What is the ten millions digit of 1797549262?
9
What is the hundred thousands digit of 529040615?
0
What is the hundred thousands digit of 82890474?
8
What is the units digit of 85368880?
0
What is the hundred thousands digit of 37472462?
4
What is the ten millions digit of 5813875464?
1
What is the billions digit of 4554089932?
4
What is the hundreds digit of 98952263?
2
What is the hundred millions digit of 229940363?
2
What is the thousands digit of 78363621?
3
What is the hundred thousands digit of 476878224?
8
What is the hundred thousands digit of 19270506?
2
What is the units digit of 177182227?
7
What is the hundreds digit of 693659131?
1
What is the ten millions digit of 1000220438?
0
What is the thousands digit of 25813525?
3
What is the hundred thousands digit of 3394914025?
9
What is the thousands digit of 31092464?
2
What is the ten thousands digit of 81513163?
1
What is the hundred millions digit of 702923495?
7
What is the units digit of 246321824?
4
What is the tens digit of 10867252?
5
What is the units digit of 25821293?
3
What is the hundred thousands digit of 7250186641?
1
What is the hundred thousands digit of 45806347?
8
What is the millions digit of 203846722?
3
What is the hundreds digit of 22360774?
7
What is the thousands digit of 34645397?
5
What is the hundred thousands digit of 1032165864?
1
What is the ten thousands digit of 1660855790?
5
What is the millions digit of 329274519?
9
What is the hundred millions digit of 6420864843?
4
What is the millions digit of 1812490277?
2
What is the ten millions digit of 1198989053?
9
What is the ten millions digit of 1798586638?
9
What is the ten millions digit of 865133684?
6
What is the thousands digit of 36202915?
2
What is the hundreds digit of 184580191?
1
What is the hundred thousands digit of 469838730?
8
What is the thousands digit of 3325524309?
4
What is the hundred millions digit of 402378432?
4
What is the ten millions digit of 34750578?
3
What is the thousands digit of 70384763?
4
What is the billions digit of 2000824198?
2
What is the hundred millions digit of 115432550?
1
What is the hundred millions digit of 6731000926?
7
What is the hundred thousands digit of 420111370?
1
What is the units digit of 99941099?
9
What is the units digit of 5093462422?
2
What is the millions digit of 1873014816?
3
What is the tens digit of 45810822?
2
What is the ten thousands digit of 158241308?
4
What is the hundred millions digit of 1600765673?
6
What is the units digit of 37522231?
1
What is the millions digit of 37995785?
7
What is the billions digit of 8704396172?
8
What is the hundred thousands digit of 365552826?
5
What is the ten millions digit of 79386576?
7
What is the hundred millions digit of 113726126?
1
What is the thousands digit of 239543085?
3
What is the hundred millions digit of 4296425607?
2
What is the hundred thousands digit of 39714562?
7
What is the millions digit of 65601676?
5
What is the ten millions digit of 241180865?
4
What is the millions digit of 969947012?
9
What is the ten millions digit of 40950039?
4
What is the thousands digit of 1200942260?
2
What is the ten thousands digit of 52813481?
1
What is the millions digit of 75616791?
5
What is the tens digit of 2370060987?
8
What is the tens digit of 27059762?
6
What is the hundred thousands digit of 876450445?
4
What is the millions digit of 51083169?
1
What is the hundred thousands digit of 645041653?
0
What is the ten millions digit of 158081239?
5
What is the ten thousands digit of 48013922?
1
What is the tens digit of 746170725?
2
What is the millions digit of 92829821?
2
What is the tens digit of 45838679?
7
What is the ten thousands digit of 450382447?
8
What is the millions digit of 574759828?
4
What is the hundreds digit of 9119290?
2
What is the millions digit of 143919412?
3
What is the ten thousands digit of 122200128?
0
What is the hundred thousands digit of 74306473?
3
What is the hundred millions digit of 3821120988?
8
What is the hundred millions digit of 613024374?
6
What is the ten thousands digit of 38770660?
7
What is the millions digit of 1691604?
1
What is the units digit of 647156273?
3
What is the ten thousands digit of 2070979670?
7
What is the ten millions digit of 2821798768?
2
What is the units digit of 281197528?
8
What is the ten thousands digit of 34131784?
3
What is the tens digit of 95627648?
4
What is the ten millions digit of 109331612?
0
What is the tens digit of 269151493?
9
What is the thousands digit of 1561470096?
0
What is the ten millions digit of 244191869?
4
What is the millions digit of 56941211?
6
What is the hundred thousands digit of 43326348?
3
What is the units digit of 699947142